{"id":446,"date":"2026-04-23T11:52:38","date_gmt":"2026-04-23T11:52:38","guid":{"rendered":"https:\/\/digisfera.ro\/?page_id=446"},"modified":"2026-04-24T08:41:08","modified_gmt":"2026-04-24T08:41:08","slug":"despre-noi","status":"publish","type":"page","link":"https:\/\/digisfera.ro\/index.php\/despre-noi\/","title":{"rendered":"Despre noi"},"content":{"rendered":"\t\t<div data-elementor-type=\"wp-page\" data-elementor-id=\"446\" class=\"elementor elementor-446\" data-elementor-post-type=\"page\">\n\t\t\t\t<div class=\"elementor-element elementor-element-6e114196 e-flex e-con-boxed e-con e-parent\" data-id=\"6e114196\" data-element_type=\"container\" data-settings=\"{&quot;background_background&quot;:&quot;gradient&quot;}\">\n\t\t\t\t\t<div class=\"e-con-inner\">\n\t\t\t\t<div class=\"elementor-element elementor-element-5b7ecd8e elementor-widget elementor-widget-icon-box\" data-id=\"5b7ecd8e\" data-element_type=\"widget\" data-widget_type=\"icon-box.default\">\n\t\t\t\t\t\t\t<div class=\"elementor-icon-box-wrapper\">\n\n\t\t\t\n\t\t\t\t\t\t<div class=\"elementor-icon-box-content\">\n\n\t\t\t\t\t\t\t\t\t<h1 class=\"elementor-icon-box-title\">\n\t\t\t\t\t\t<span  >\n\t\t\t\t\t\t\tDigisfera: exper\u021bi \u00een branding, comunicare \u0219i v\u00e2nz\u0103ri \u00ee\u0219i unesc for\u021bele pentru a propulsa tehnologiile rom\u00e2ne\u0219ti\t\t\t\t\t\t<\/span>\n\t\t\t\t\t<\/h1>\n\t\t\t\t\n\t\t\t\t\n\t\t\t<\/div>\n\t\t\t\n\t\t<\/div>\n\t\t\t\t\t\t<\/div>\n\t\t\t\t\t<\/div>\n\t\t\t\t<\/div>\n\t\t<div class=\"elementor-element elementor-element-26b2b566 e-flex e-con-boxed e-con e-parent\" data-id=\"26b2b566\" data-element_type=\"container\">\n\t\t\t\t\t<div class=\"e-con-inner\">\n\t\t<div class=\"elementor-element elementor-element-2f420e91 e-con-full e-flex e-con e-child\" data-id=\"2f420e91\" data-element_type=\"container\">\n\t\t\t\t<div class=\"elementor-element elementor-element-7dbb48c elementor-widget elementor-widget-text-editor\" data-id=\"7dbb48c\" data-element_type=\"widget\" data-widget_type=\"text-editor.default\">\n\t\t\t\t\t\t\t\t\t<p><b>Digisfera<\/b><span style=\"font-weight: 400;\"> este un proiect dedicat exclusiv sprijinirii, promov\u0103rii \u0219i cre\u0219terii adop\u021biei pentru tehnologiile dezvoltate \u00een Rom\u00e2nia, ini\u021biat de un grup de profesioni\u0219ti cu experien\u021b\u0103 ecosistemul de business rom\u00e2nesc .<\/span><\/p><p><span style=\"font-weight: 400;\">Ini\u021biativa, sub forma unei platforme integrate de comunicare, are ca misiune principal\u0103 construirea unui pod esen\u021bial \u00eentre creatorii de solu\u021bii tehnologice (startup-uri, dezvoltatori, companii IT) \u0219i poten\u021bialii lor utilizatori (mediul de afaceri \u0219i publicul larg).<\/span><span style=\"font-weight: 400;\"><br \/><\/span><span style=\"font-weight: 400;\">Un mediu central de manifestare este <\/span><a href=\"http:\/\/digisfera.ro\"><span style=\"font-weight: 400;\">digisfera.ro<\/span><\/a><span style=\"font-weight: 400;\">.<\/span><\/p>\t\t\t\t\t\t\t\t<\/div>\n\t\t\t\t<div class=\"elementor-element elementor-element-bb78666 elementor-widget elementor-widget-text-editor\" data-id=\"bb78666\" data-element_type=\"widget\" data-widget_type=\"text-editor.default\">\n\t\t\t\t\t\t\t\t\t<h2><b>O punte \u00eentre inova\u021bie \u0219i pia\u021b\u0103<\/b><\/h2><p><span style=\"font-weight: 400;\">De multe ori, produse tech rom\u00e2ne\u0219ti excep\u021bionale \u00eent\u00e2mpin\u0103 dificult\u0103\u021bi \u00een a ajunge la publicul \u021bint\u0103 din cauza lipsei de vizibilitate, a unei pozi\u021bion\u0103ri neclare sau a lipsei unei strategii de v\u00e2nz\u0103ri adaptate. Digisfera \u00ee\u0219i propune s\u0103 elimine aceast\u0103 barier\u0103, traduc\u00e2nd limbajul tehnic complex \u00een beneficii reale pentru utilizatori \u0219i facilit\u00e2nd o conexiune direct\u0103 \u00eentre inova\u021bie \u0219i nevoia din pia\u021b\u0103.<\/span><\/p><p><span style=\"font-weight: 400;\">Prin intermediul platformei, dezvoltatorii de tehnologie vor avea acces la strategii aplicate de vizibilitate \u0219i la o re\u021bea de contacte menite s\u0103 accelereze p\u0103trunderea pe pia\u021b\u0103 a produselor lor.<\/span><\/p>\t\t\t\t\t\t\t\t<\/div>\n\t\t\t\t<\/div>\n\t\t<div class=\"elementor-element elementor-element-34f31351 e-con-full e-flex e-con e-child\" data-id=\"34f31351\" data-element_type=\"container\">\n\t\t\t\t<div class=\"elementor-element elementor-element-15983c8d elementor-widget__width-initial elementor-widget elementor-widget-image\" data-id=\"15983c8d\" data-element_type=\"widget\" data-widget_type=\"image.default\">\n\t\t\t\t\t\t\t\t\t\t\t\t\t\t\t<img fetchpriority=\"high\" decoding=\"async\" width=\"768\" height=\"1024\" src=\"https:\/\/digisfera.ro\/wp-content\/uploads\/2026\/04\/IMG_7537-768x1024.jpeg\" class=\"attachment-large size-large wp-image-477\" alt=\"\" srcset=\"https:\/\/digisfera.ro\/wp-content\/uploads\/2026\/04\/IMG_7537-768x1024.jpeg 768w, https:\/\/digisfera.ro\/wp-content\/uploads\/2026\/04\/IMG_7537-225x300.jpeg 225w, https:\/\/digisfera.ro\/wp-content\/uploads\/2026\/04\/IMG_7537-1152x1536.jpeg 1152w, https:\/\/digisfera.ro\/wp-content\/uploads\/2026\/04\/IMG_7537-1536x2048.jpeg 1536w, https:\/\/digisfera.ro\/wp-content\/uploads\/2026\/04\/IMG_7537-scaled.jpeg 1920w\" sizes=\"(max-width: 768px) 100vw, 768px\" \/>\t\t\t\t\t\t\t\t\t\t\t\t\t\t\t<\/div>\n\t\t\t\t<div class=\"elementor-element elementor-element-22bcf65d elementor-widget__width-initial elementor-widget elementor-widget-image\" data-id=\"22bcf65d\" data-element_type=\"widget\" data-widget_type=\"image.default\">\n\t\t\t\t\t\t\t\t\t\t\t\t\t\t\t<img decoding=\"async\" width=\"800\" height=\"600\" src=\"https:\/\/digisfera.ro\/wp-content\/uploads\/2026\/04\/CA3A1E0C-D495-422E-9DC4-2972C9C99AD1-1024x768.jpg\" class=\"attachment-large size-large wp-image-478\" alt=\"\" srcset=\"https:\/\/digisfera.ro\/wp-content\/uploads\/2026\/04\/CA3A1E0C-D495-422E-9DC4-2972C9C99AD1-1024x768.jpg 1024w, https:\/\/digisfera.ro\/wp-content\/uploads\/2026\/04\/CA3A1E0C-D495-422E-9DC4-2972C9C99AD1-300x225.jpg 300w, https:\/\/digisfera.ro\/wp-content\/uploads\/2026\/04\/CA3A1E0C-D495-422E-9DC4-2972C9C99AD1-768x576.jpg 768w, https:\/\/digisfera.ro\/wp-content\/uploads\/2026\/04\/CA3A1E0C-D495-422E-9DC4-2972C9C99AD1-1536x1152.jpg 1536w, https:\/\/digisfera.ro\/wp-content\/uploads\/2026\/04\/CA3A1E0C-D495-422E-9DC4-2972C9C99AD1-2048x1536.jpg 2048w\" sizes=\"(max-width: 800px) 100vw, 800px\" \/>\t\t\t\t\t\t\t\t\t\t\t\t\t\t\t<\/div>\n\t\t\t\t<\/div>\n\t\t\t\t\t<\/div>\n\t\t\t\t<\/div>\n\t\t<div class=\"elementor-element elementor-element-559b1c1e e-flex e-con-boxed e-con e-parent\" data-id=\"559b1c1e\" data-element_type=\"container\" data-settings=\"{&quot;background_background&quot;:&quot;gradient&quot;}\">\n\t\t\t\t\t<div class=\"e-con-inner\">\n\t\t\t\t<div class=\"elementor-element elementor-element-6afdc0a2 elementor-widget__width-initial elementor-invisible elementor-widget elementor-widget-icon-box\" data-id=\"6afdc0a2\" data-element_type=\"widget\" data-settings=\"{&quot;_animation&quot;:&quot;fadeInDown&quot;}\" data-widget_type=\"icon-box.default\">\n\t\t\t\t\t\t\t<div class=\"elementor-icon-box-wrapper\">\n\n\t\t\t\n\t\t\t\t\t\t<div class=\"elementor-icon-box-content\">\n\n\t\t\t\t\t\t\t\t\t<h2 class=\"elementor-icon-box-title\">\n\t\t\t\t\t\t<span  >\n\t\t\t\t\t\t\tEchipa din spatele proiectului\t\t\t\t\t\t<\/span>\n\t\t\t\t\t<\/h2>\n\t\t\t\t\n\t\t\t\t\t\t\t\t\t<p class=\"elementor-icon-box-description\">\n\t\t\t\t\t\tDigisfera este fondat\u0103 \u0219i coordonat\u0103 de o echip\u0103 multidisciplinar\u0103 care acoper\u0103 cele mai importante paliere pentru succesul comercial al unui produs:\n\t\t\t\t\t<\/p>\n\t\t\t\t\n\t\t\t<\/div>\n\t\t\t\n\t\t<\/div>\n\t\t\t\t\t\t<\/div>\n\t\t<div class=\"elementor-element elementor-element-2b6bf003 e-flex e-con-boxed e-con e-child\" data-id=\"2b6bf003\" data-element_type=\"container\">\n\t\t\t\t\t<div class=\"e-con-inner\">\n\t\t\t\t<div class=\"elementor-element elementor-element-44da931a elementor-cta--layout-image-above elementor-widget__width-initial elementor-widget-mobile__width-inherit elementor-cta--valign-top elementor-cta--skin-classic elementor-animated-content elementor-bg-transform elementor-bg-transform-zoom-in elementor-widget elementor-widget-call-to-action\" data-id=\"44da931a\" data-element_type=\"widget\" data-widget_type=\"call-to-action.default\">\n\t\t\t\t\t\t\t<div class=\"elementor-cta\">\n\t\t\t\t\t<div class=\"elementor-cta__bg-wrapper\">\n\t\t\t\t<div class=\"elementor-cta__bg elementor-bg\" style=\"background-image: url(https:\/\/digisfera.ro\/wp-content\/uploads\/2026\/04\/Florin-Mare-769x1024.jpg);\" role=\"img\" aria-label=\"Florin Mare\"><\/div>\n\t\t\t\t<div class=\"elementor-cta__bg-overlay\"><\/div>\n\t\t\t<\/div>\n\t\t\t\t\t\t\t<div class=\"elementor-cta__content\">\n\t\t\t\t\n\t\t\t\t\t\t\t\t\t<h2 class=\"elementor-cta__title elementor-cta__content-item elementor-content-item\">\n\t\t\t\t\t\tFlorin Mare <br> Specialist \u00een branding \u0219i comunicare\t\t\t\t\t<\/h2>\n\t\t\t\t\n\t\t\t\t\t\t\t\t\t<div class=\"elementor-cta__description elementor-cta__content-item elementor-content-item\">\n\t\t\t\t\t\tAjut\u0103 companiile de tehnologie s\u0103 defineasc\u0103 branduri pentru fiecare produs \u00een parte, cu elemente de diferen\u021biere solide \u0219i pozi\u021bion\u0103ri clare, pentru care define\u0219te apoi strategii de comunicare.\n\t\t\t\t\t<\/div>\n\t\t\t\t\n\t\t\t\t\t\t\t<\/div>\n\t\t\t\t\t\t<\/div>\n\t\t\t\t\t\t<\/div>\n\t\t\t\t<div class=\"elementor-element elementor-element-41c9833e elementor-cta--layout-image-above elementor-widget__width-initial elementor-widget-mobile__width-inherit elementor-cta--valign-top elementor-cta--skin-classic elementor-animated-content elementor-bg-transform elementor-bg-transform-zoom-in elementor-widget elementor-widget-call-to-action\" data-id=\"41c9833e\" data-element_type=\"widget\" data-widget_type=\"call-to-action.default\">\n\t\t\t\t\t\t\t<div class=\"elementor-cta\">\n\t\t\t\t\t<div class=\"elementor-cta__bg-wrapper\">\n\t\t\t\t<div class=\"elementor-cta__bg elementor-bg\" style=\"background-image: url(https:\/\/digisfera.ro\/wp-content\/uploads\/2026\/04\/Radu-Nechita-e1776946382356.jpg);\" role=\"img\" aria-label=\"Radu Nechita\"><\/div>\n\t\t\t\t<div class=\"elementor-cta__bg-overlay\"><\/div>\n\t\t\t<\/div>\n\t\t\t\t\t\t\t<div class=\"elementor-cta__content\">\n\t\t\t\t\n\t\t\t\t\t\t\t\t\t<h2 class=\"elementor-cta__title elementor-cta__content-item elementor-content-item\">\n\t\t\t\t\t\tRadu Nechita <br> Trainer \u00een v\u00e2nz\u0103ri\t\t\t\t\t<\/h2>\n\t\t\t\t\n\t\t\t\t\t\t\t\t\t<div class=\"elementor-cta__description elementor-cta__content-item elementor-content-item\">\n\t\t\t\t\t\tAutor \u0219i trainer cu experien\u021b\u0103, contribuie cu expertiza necesar\u0103 pentru a transforma interesul generat \u00een parteneriate comerciale solide, sprijinind creatorii de tehnologie \u00een structurarea \u0219i optimizarea proceselor de v\u00e2nzare B2B \u0219i B2C.\n\t\t\t\t\t<\/div>\n\t\t\t\t\n\t\t\t\t\t\t\t<\/div>\n\t\t\t\t\t\t<\/div>\n\t\t\t\t\t\t<\/div>\n\t\t\t\t<div class=\"elementor-element elementor-element-4bd384ec elementor-cta--layout-image-above elementor-widget__width-initial elementor-widget-mobile__width-inherit elementor-cta--valign-top elementor-cta--skin-classic elementor-animated-content elementor-bg-transform elementor-bg-transform-zoom-in elementor-widget elementor-widget-call-to-action\" data-id=\"4bd384ec\" data-element_type=\"widget\" data-widget_type=\"call-to-action.default\">\n\t\t\t\t\t\t\t<div class=\"elementor-cta\">\n\t\t\t\t\t<div class=\"elementor-cta__bg-wrapper\">\n\t\t\t\t<div class=\"elementor-cta__bg elementor-bg\" style=\"background-image: url(https:\/\/digisfera.ro\/wp-content\/uploads\/2026\/04\/Andreea-767x1024.jpg);\" role=\"img\" aria-label=\"Andreea\"><\/div>\n\t\t\t\t<div class=\"elementor-cta__bg-overlay\"><\/div>\n\t\t\t<\/div>\n\t\t\t\t\t\t\t<div class=\"elementor-cta__content\">\n\t\t\t\t\n\t\t\t\t\t\t\t\t\t<h2 class=\"elementor-cta__title elementor-cta__content-item elementor-content-item\">\n\t\t\t\t\t\tAndreea Popescu <br> Strateg \u00een comunicare digital\u0103\t\t\t\t\t<\/h2>\n\t\t\t\t\n\t\t\t\t\t\t\t\t\t<div class=\"elementor-cta__description elementor-cta__content-item elementor-content-item\">\n\t\t\t\t\t\tTraseaz\u0103 \u0219i implementeaz\u0103 direc\u021biile campaniilor online, asigur\u00e2ndu-se c\u0103 solu\u021biile rom\u00e2ne\u0219ti ajung exact la audien\u021ba potrivit\u0103, prin canalele digitale optime.\n\t\t\t\t\t<\/div>\n\t\t\t\t\n\t\t\t\t\t\t\t<\/div>\n\t\t\t\t\t\t<\/div>\n\t\t\t\t\t\t<\/div>\n\t\t\t\t\t<\/div>\n\t\t\t\t<\/div>\n\t\t\t\t\t<\/div>\n\t\t\t\t<\/div>\n\t\t<div class=\"elementor-element elementor-element-4920ed58 e-flex e-con-boxed e-con e-parent\" data-id=\"4920ed58\" data-element_type=\"container\">\n\t\t\t\t\t<div class=\"e-con-inner\">\n\t\t<div class=\"elementor-element elementor-element-1c42174b e-con-full e-flex e-con e-child\" data-id=\"1c42174b\" data-element_type=\"container\">\n\t\t\t\t<div class=\"elementor-element elementor-element-5f0fe25d elementor-view-default elementor-widget elementor-widget-icon\" data-id=\"5f0fe25d\" data-element_type=\"widget\" data-widget_type=\"icon.default\">\n\t\t\t\t\t\t\t<div class=\"elementor-icon-wrapper\">\n\t\t\t<div class=\"elementor-icon\">\n\t\t\t<svg aria-hidden=\"true\" class=\"e-font-icon-svg e-fas-quote-left\" viewBox=\"0 0 512 512\" xmlns=\"http:\/\/www.w3.org\/2000\/svg\"><path d=\"M464 256h-80v-64c0-35.3 28.7-64 64-64h8c13.3 0 24-10.7 24-24V56c0-13.3-10.7-24-24-24h-8c-88.4 0-160 71.6-160 160v240c0 26.5 21.5 48 48 48h128c26.5 0 48-21.5 48-48V304c0-26.5-21.5-48-48-48zm-288 0H96v-64c0-35.3 28.7-64 64-64h8c13.3 0 24-10.7 24-24V56c0-13.3-10.7-24-24-24h-8C71.6 32 0 103.6 0 192v240c0 26.5 21.5 48 48 48h128c26.5 0 48-21.5 48-48V304c0-26.5-21.5-48-48-48z\"><\/path><\/svg>\t\t\t<\/div>\n\t\t<\/div>\n\t\t\t\t\t\t<\/div>\n\t\t\t\t<div class=\"elementor-element elementor-element-454fb846 elementor-widget elementor-widget-text-editor\" data-id=\"454fb846\" data-element_type=\"widget\" data-widget_type=\"text-editor.default\">\n\t\t\t\t\t\t\t\t\t<p><i><span style=\"font-weight: 400;\">Tehnologia rom\u00e2neasc\u0103 are un poten\u021bial imens \u0219i demonstrat, dar, pentru a scala cu adev\u0103rat, are nevoie de o voce pe m\u0103sur\u0103 \u0219i de o strategie comercial\u0103 bine pus\u0103 la punct. Prin Digisfera, am decis s\u0103 unim cele trei elemente esen\u021biale \u2013 brandingul, comunicarea \u0219i v\u00e2nz\u0103rile \u2013 pentru a ne asigura c\u0103 inova\u021biile locale nu doar c\u0103 sunt v\u0103zute, ci sunt \u00een\u021belese \u0219i cump\u0103rate. Vrem ca tehnologiile rom\u00e2ne\u0219ti s\u0103 devin\u0103 prima alegere pentru utilizator<\/span><\/i><\/p>\t\t\t\t\t\t\t\t<\/div>\n\t\t\t\t<div class=\"elementor-element elementor-element-3f742afd elementor-vertical-align-top elementor-vertical-align-top elementor-widget elementor-widget-image-box\" data-id=\"3f742afd\" data-element_type=\"widget\" data-widget_type=\"image-box.default\">\n\t\t\t\t\t<div class=\"elementor-image-box-wrapper\"><div class=\"elementor-image-box-content\"><h3 class=\"elementor-image-box-title\">Florin Mare<\/h3><p class=\"elementor-image-box-description\">ini\u021biatorul Digisfera\n<\/p><\/div><\/div>\t\t\t\t<\/div>\n\t\t\t\t<\/div>\n\t\t\t\t\t<\/div>\n\t\t\t\t<\/div>\n\t\t<div class=\"elementor-element elementor-element-8dd4a7c e-flex e-con-boxed e-con e-parent\" data-id=\"8dd4a7c\" data-element_type=\"container\">\n\t\t\t\t\t<div class=\"e-con-inner\">\n\t\t\t\t<div class=\"elementor-element elementor-element-990c582 elementor-widget elementor-widget-text-editor\" data-id=\"990c582\" data-element_type=\"widget\" data-widget_type=\"text-editor.default\">\n\t\t\t\t\t\t\t\t\t<p>Dac\u0103 ai o tehnologie pe care vrei s\u0103 o promovezi sau cau\u021bi o tehnologie pentru afacerea ta, d\u0103-ne un semn s\u0103 vedem ce putem face \u00eempreun\u0103.<\/p>\t\t\t\t\t\t\t\t<\/div>\n\t\t\t\t\t<\/div>\n\t\t\t\t<\/div>\n\t\t\t\t<\/div>\n\t\t","protected":false},"excerpt":{"rendered":"<p>Digisfera: exper\u021bi \u00een branding, comunicare \u0219i v\u00e2nz\u0103ri \u00ee\u0219i unesc for\u021bele pentru a propulsa tehnologiile rom\u00e2ne\u0219ti Digisfera este un proiect dedicat exclusiv sprijinirii, promov\u0103rii \u0219i cre\u0219terii adop\u021biei pentru tehnologiile dezvoltate \u00een Rom\u00e2nia, ini\u021biat de un grup de profesioni\u0219ti cu experien\u021b\u0103 ecosistemul de business rom\u00e2nesc . Ini\u021biativa, sub forma unei platforme integrate de comunicare, are ca misiune [&hellip;]<\/p>\n","protected":false},"author":1,"featured_media":0,"parent":0,"menu_order":0,"comment_status":"closed","ping_status":"closed","template":"","meta":{"footnotes":""},"class_list":["post-446","page","type-page","status-publish","hentry"],"_links":{"self":[{"href":"https:\/\/digisfera.ro\/index.php\/wp-json\/wp\/v2\/pages\/446","targetHints":{"allow":["GET"]}}],"collection":[{"href":"https:\/\/digisfera.ro\/index.php\/wp-json\/wp\/v2\/pages"}],"about":[{"href":"https:\/\/digisfera.ro\/index.php\/wp-json\/wp\/v2\/types\/page"}],"author":[{"embeddable":true,"href":"https:\/\/digisfera.ro\/index.php\/wp-json\/wp\/v2\/users\/1"}],"replies":[{"embeddable":true,"href":"https:\/\/digisfera.ro\/index.php\/wp-json\/wp\/v2\/comments?post=446"}],"version-history":[{"count":16,"href":"https:\/\/digisfera.ro\/index.php\/wp-json\/wp\/v2\/pages\/446\/revisions"}],"predecessor-version":[{"id":481,"href":"https:\/\/digisfera.ro\/index.php\/wp-json\/wp\/v2\/pages\/446\/revisions\/481"}],"wp:attachment":[{"href":"https:\/\/digisfera.ro\/index.php\/wp-json\/wp\/v2\/media?parent=446"}],"curies":[{"name":"wp","href":"https:\/\/api.w.org\/{rel}","templated":true}]}}